f 82922?
2
What is the hundreds digit of 65980?
9
What is the hundreds digit of 4101145?
1
What is the units digit of 624410?
0
What is the tens digit of 378120?
2
What is the ten thousands digit of 2884234?
8
What is the ten thousands digit of 285779?
8
What is the hundreds digit of 686480?
4
What is the hundreds digit of 11206712?
7
What is the thousands digit of 2967357?
7
What is the millions digit of 5742475?
5
What is the hundred thousands digit of 4376261?
3
What is the hundred thousands digit of 28383949?
3
What is the hundred thousands digit of 220355?
2
What is the ten thousands digit of 5396066?
9
What is the thousands digit of 1679277?
9
What is the tens digit of 54210?
1
What is the thousands digit of 140725?
0
What is the hundred thousands digit of 7690548?
6
What is the ten thousands digit of 1464759?
6
What is the ten thousands digit of 408525?
0
What is the hundred thousands digit of 189228?
1
What is the units digit of 477479?
9
What is the units digit of 324583?
3
What is the tens digit of 14526639?
3
What is the hundreds digit of 462706?
7
What is the hundred thousands digit of 4415030?
4
What is the hundreds digit of 12041981?
9
What is the millions digit of 1185333?
1
What is the tens digit of 173606?
0
What is the units digit of 135959?
9
What is the ten thousands digit of 1325857?
2
What is the hundreds digit of 20294524?
5
What is the units digit of 231355?
5
What is the hundred thousands digit of 694385?
6
What is the ten thousands digit of 15606967?
0
What is the hundreds digit of 98097?
0
What is the tens digit of 1784272?
7
What is the thousands digit of 22404361?
4
What is the thousands digit of 424817?
4
What is the millions digit of 3992679?
3
What is the units digit of 437087?
7
What is the hundreds digit of 2822354?
3
What is the tens digit of 2800516?
1
What is the tens digit of 4850451?
5
What is the tens digit of 1024841?
4
What is the tens digit of 2364553?
5
What is the millions digit of 2594405?
2
What is the ten thousands digit of 4571878?
7
What is the hundred thousands digit of 1510526?
5
What is the ten thousands digit of 7173251?
7
What is the thousands digit of 12659720?
9
What is the tens digit of 2950499?
9
What is the hundreds digit of 25362489?
4
What is the hundreds digit of 7803523?
5
What is the millions digit of 2538985?
2
What is the hundreds digit of 84397?
3
What is the hundred thousands digit of 607793?
6
What is the thousands digit of 3394708?
4
What is the thousands digit of 211812?
1
What is the thousands digit of 802237?
2
What is the ten millions digit of 20750882?
2
What is the hundred thousands digit of 185937?
1
What is the thousands digit of 255999?
5
What is the hundred thousands digit of 1066679?
0
What is the tens digit of 15077261?
6
What is the hundred thousands digit of 20145512?
1
What is the hundreds digit of 4360564?
5
What is the units digit of 653555?
5
What is the ten thousands digit of 929888?
2
What is the tens digit of 499804?
0
What is the millions digit of 5477960?
5
What is the thousands digit of 42798?
2
What is the units digit of 279364?
4
What is the thousands digit of 364218?
4
What is the tens digit of 602119?
1
What is the units digit of 419435?
5
What is the tens digit of 4152109?
0
What is the tens digit of 4655022?
2
What is the thousands digit of 225612?
5
What is the thousands digit of 494694?
4
What is the ten thousands digit of 20914939?
1
What is the units digit of 14556049?
9
What is the ten thousands digit of 2223438?
2
What is the hundreds digit of 8199902?
9
What is the ten thousands digit of 175509?
7
What is the thousands digit of 283545?
3
What is the hundreds digit of 366524?
5
What is the thousands digit of 4445864?
5
What is the units digit of 10081554?
4
What is the hundred thousands digit of 12879666?
8
What is the millions digit of 2062378?
2
What is the ten thousands digit of 39264?
3
What is the thousands digit of 31029?
1
What is the ten thousands digit of 512775?
1
What is the ten thousands digit of 1406816?
0
What is the millions digit of 1135992?
1
What is the hundred thousands digit of 16248243?
2
What is the millions digit of 5260978?
5
What is the ten thousands digit of 912388?
1
What is the millions digit of 24512688?
4
What is the units digit of 2900849?
9
What is the thousands digit of 444522?
4
What is the tens digit of 358365?
6
What is the hundred thousands digit of 2603685?
6
What is the units digit of 4295148?
8
What is the hundred thousands digit of 1400037?
4
What is the hundreds digit of 7631?
6
What is the ten thousands digit of 3093788?
9
What is the tens digit of 500354?
5
What is the ten thousands digit of 5514593?
1
What is the ten thousands digit of 213827?
1
What is the hundreds digit of 10434274?
2
What is the hundred thousands digit of 1224497?
2
What is the ten thousands digit of 1532708?
3
What is the thousands digit of 168920?
8
What is the ten thousands digit of 946913?
4
What is the units digit of 9942704?
4
What is the thousands digit of 936339?
6
What is the units digit of 11284677?
7
What is the ten thousands digit of 1587919?
8
What is the units digit of 1956217?
7
What is the units digit of 1867992?
2
What is the ten thousands digit of 3402143?
0
What is the hundred thousands digit of 921525?
9
What is the thousands digit of 124171?
4
What is the hundreds digit of 4294193?
1
What is the tens digit of 516237?
3
What is the units digit of 280962?
2
What is the units digit of 6410247?
7
What is the ten thousands digit of 377766?
7
What is the hundreds digit of 250648?
6
What is the thousands digit of 1123382?
3
What is the thousands digit of 4233608?
3
What is the thousands digit of 228083?
8
What is the millions digit of 1332445?
1
What is the units digit of 120794?
4
What is the units digit of 774948?
8
What is the units digit of 2590923?
3
What is the hundreds digit of 4986?
9
What is the thousands digit of 366717?
6
What is the hundred thousands digit of 2679667?
6
What is the hundreds digit of 176735?
7
What is the ten millions digit of 10204522?
1
What is the ten thousands digit of 828259?
2
What is the ten millions digit of 27721700?
2
What is the millions digit of 1846510?
1
What is the thousands digit of 760121?
0
What is the tens digit of 105272?
7
What is the tens digit of 326873?
7
What is the ten thousands digit of 1175577?
7
What is the ten thousands digit of 817145?
1
What is the tens digit of 94199?
9
What is the hundreds digit of 13212204?
2
What is the units digit of 444462?
2
What is the hundred thousands digit of 1848756?
8
What is the thousands digit of 195727?
5
What is the thousands digit of 322244?
2
What is the units digit of 7680801?
1
What is the tens digit of 30084984?
8
What is the hundreds digit of 807379?
3
What is the hundreds digit of 540979?
9
What is the hundred thousands digit of 124306?
1
What is the tens digit of 326780?
8
What is the hundreds digit of 237676?
6
What is the hundreds digit of 17165473?
4
What is the hundreds digit of 4548477?
4
What is the units digit of 332053?
3
What is the ten thousands digit of 1324729?
2
What is the units digit of 1117874?
4
What is the ten thousands digit of 1051825?
5
What is the units digit of 8742251?
1
What is the tens digit of 9428271?
7
What is the hundreds digit of 6836347?
3
What is the tens digit of 22554?
5
What is the thousands digit of 5692447?
2
What is the hundreds digit of 778508?
5
What is the hundreds digit of 2397952?
9
What is the units digit of 9381722?
2
What is the hundreds digit of 398631?
6
What is the units digit of 20034394?
4
What is the millions digit of 3741115?
3
What is the thousands digit of 264949?
4
What is the thousands digit of 37454?
7
What is the millions digit of 1799354?
1
What is the hundreds digit of 3133248?
2
What is the units digit of 19750922?
2
What is the hundred thousands digit of 919083?
9
What is the thousands digit of 612524?
2
What is the thousands digit of 15749955?
9
What is the tens digit of 490165?
6
What is the units digit of 84153?
3
What is the hundreds digit of 3748812?
8
What is the hundred thousands digit of 856545?
8
What is the ten thousands digit of 1089986?
8
What is the thousands digit of 367467?
7
What is the tens digit of 604096?
9
What is the hundr